 factor of 858?
False
Is 4 a factor of 244?
True
Is 12549 a multiple of 89?
True
Does 12 divide 9444?
True
Does 58 divide 2837?
False
Does 2 divide 252?
True
Is 17 a factor of 493?
True
Does 55 divide 27694?
False
Is 2 a factor of 41?
False
Does 13 divide 30917?
False
Is 19 a factor of 5953?
False
Does 85 divide 1583?
False
Is 9 a factor of 54?
True
Is 7 a factor of 482?
False
Is 26 a factor of 843?
False
Is 1900 a multiple of 30?
False
Is 1120 a multiple of 56?
True
Is 180 a factor of 45970?
False
Does 280 divide 53480?
True
Is 3410 a multiple of 39?
False
Is 13619 a multiple of 52?
False
Does 36 divide 17153?
False
Does 28 divide 5292?
True
Is 48834 a multiple of 14?
False
Does 37 divide 2368?
True
Does 101 divide 11009?
True
Is 83462 a multiple of 295?
False
Is 22604 a multiple of 300?
False
Is 20 a factor of 896?
False
Is 8 a factor of 605?
False
Does 7 divide 777?
True
Is 24 a factor of 19704?
True
Is 2812 a multiple of 4?
True
Does 26 divide 1794?
True
Does 39 divide 81471?
True
Is 985 a multiple of 5?
True
Is 35 a factor of 9555?
True
Does 17 divide 5736?
False
Does 56 divide 1344?
True
Is 66 a factor of 23430?
True
Is 9 a factor of 1205?
False
Is 16 a factor of 10048?
True
Is 408 a multiple of 8?
True
Is 30 a factor of 3761?
False
Does 45 divide 900?
True
Is 4272 a multiple of 12?
True
Is 12 a factor of 190?
False
Is 16 a factor of 23200?
True
Does 8 divide 2424?
True
Does 156 divide 33228?
True
Is 42 a factor of 2184?
True
Is 1044 a multiple of 18?
True
Does 27 divide 108?
True
Is 6 a factor of 1189?
False
Is 14 a factor of 25746?
True
Is 533 a multiple of 16?
False
Does 7 divide 434?
True
Is 567 a multiple of 7?
True
Is 49 a factor of 1568?
True
Is 1716 a multiple of 22?
True
Does 35 divide 32648?
False
Does 14 divide 7896?
True
Does 13 divide 3341?
True
Is 6864 a multiple of 132?
True
Does 47 divide 3758?
False
Does 4 divide 5308?
True
Is 886 a multiple of 31?
False
Is 11 a factor of 437?
False
Is 93 a factor of 2350?
False
Is 16 a factor of 152592?
True
Is 11 a factor of 44?
True
Does 15 divide 525?
True
Does 39 divide 1170?
True
Does 121 divide 1938?
False
Is 6 a factor of 762?
True
Does 14 divide 1791?
False
Is 136 a multiple of 17?
True
Does 8 divide 64?
True
Is 15 a factor of 581?
False
Does 6 divide 1096?
False
Is 1440 a multiple of 16?
True
Does 57 divide 605?
False
Is 8664 a multiple of 114?
True
Is 235 a multiple of 23?
False
Is 2133 a multiple of 146?
False
Is 134 a multiple of 34?
False
Is 116 a factor of 29812?
True
Is 10006 a multiple of 10?
False
Does 43 divide 16611?
False
Is 7 a factor of 98?
True
Does 48 divide 528?
True
Is 6 a factor of 2666?
False
Is 13538 a multiple of 3?
False
Is 5738 a multiple of 23?
False
Does 4 divide 2284?
True
Does 70 divide 89?
False
Does 26 divide 624?
True
Does 12 divide 1253?
False
Is 1218 a multiple of 5?
False
Is 23 a factor of 21377?
False
Is 14 a factor of 25180?
False
Is 10528 a multiple of 56?
True
Is 63 a factor of 30251?
False
Is 17 a factor of 488?
False
Does 36 divide 6804?
True
Is 44 a factor of 836?
True
Is 31 a factor of 8221?
False
Is 1595 a multiple of 110?
False
Is 32160 a multiple of 268?
True
Is 1617 a multiple of 14?
False
Is 714 a multiple of 82?
False
Does 11 divide 81081?
True
Is 2981 even?
False
Is 210 even?
True
Is 49861 a multiple of 7?
True
Does 7 divide 497?
True
Does 16 divide 2976?
True
Is 12899 a multiple of 80?
False
Is 231 a multiple of 35?
False
Does 5 divide 180?
True
Does 5 divide 275?
True
Is 3538 a multiple of 9?
False
Is 14 a factor of 159?
False
Does 28 divide 6552?
True
Is 44 a multiple of 8?
False
Does 23 divide 146?
False
Does 7 divide 357?
True
Is 16 a factor of 752?
True
Is 18640 a multiple of 233?
True
Is 76 a factor of 6992?
True
Is 125 a multiple of 35?
False
Is 18 a factor of 2256?
False
Is 286 a multiple of 13?
True
Is 19 a factor of 1843?
True
Does 26 divide 1274?
True
Is 103 a factor of 103?
True
Does 22 divide 1210?
True
Is 10 a factor of 4730?
True
Does 25 divide 8631?
False
Is 2157 a multiple of 3?
True
Does 20 divide 115205?
False
Is 3 a factor of 637?
False
Does 46 divide 28060?
True
Is 5360 a multiple of 20?
True
Is 14 a factor of 630?
True
Does 24 divide 2559?
False
Is 5 a factor of 985?
True
Is 20 a multiple of 10?
True
Does 6 divide 16462?
False
Does 70 divide 65030?
True
Does 112 divide 58128?
True
Does 8 divide 328?
True
Is 97914 a multiple of 107?
False
Is 330 a multiple of 22?
True
Is 23 a factor of 1572?
False
Does 7 divide 16856?
True
Does 13 divide 2639?
True
Is 44 a factor of 21349?
False
Is 743 a multiple of 42?
False
Does 21 divide 8973?
False
Does 54 divide 14288?
False
Is 5973 a multiple of 11?
True
Does 11 divide 13641?
False
Is 87 a factor of 28993?
False
Is 15 a factor of 113?
False
Does 24 divide 22137?
False
Is 309 a factor of 23175?
True
Is 15 a factor of 7275?
True
Is 32025 a multiple of 61?
True
Does 190 divide 22800?
True
Does 53 divide 389?
False
Does 169 divide 750?
False
Is 14 a factor of 30?
False
Is 4557 a multiple of 31?
True
Is 283 a multiple of 10?
False
Does 12 divide 5444?
False
Is 5557 a multiple of 15?
False
Is 16146 a multiple of 39?
True
Is 103 a factor of 1854?
True
Does 38 divide 874?
True
Is 22 a factor of 1122?
True
Is 192 a factor of 1185?
False
Does 16 divide 336?
True
Is 3 a factor of 834?
True
Is 1705 a multiple of 55?
True
Is 1082 a multiple of 5?
False
Is 19 a factor of 41781?
True
Does 47 divide 13348?
True
Is 636 a multiple of 53?
True
Does 8 divide 1090?
False
Is 13 a factor of 68215?
False
Does 40 divide 399?
False
Is 24 a factor of 5916?
False
Does 21 divide 45570?
True
Is 34 a factor of 3502?
True
Is 5419 a multiple of 105?
False
Does 9 divide 3717?
True
Is 2036 a multiple of 39?
False
Does 139 divide 7228?
True
Is 3 a factor of 758?
False
Is 2 a factor of 45?
False
Does 10 divide 21024?
False
Does 24 divide 577?
False
Does 5 divide 33?
False
Is 2619 a multiple of 10?
False
Does 5 divide 1670?
True
Is 13 a factor of 676?
True
Is 650 a multiple of 50?
True
Does 2 divide 573?
False
Is 1798 a multiple of 14?
False
Is 10 a factor of 3780?
True
Is 418 a multiple of 11?
True
Does 20 divide 2053?
False
Is 134 a factor of 19963?
False
Is 9205 a multiple of 8?
False
Is 46797 a multiple of 19?
True
Is 351 a multiple of 27?
True
Does 46 divide 92?
True
Is 5 a factor of 165?
True
Is 2130 a multiple of 15?
True
Is 16 a factor of 8464?
True
Is 464 a multiple of 8?
True
Does 86 divide 29068?
True
Is 6 a factor of 1824?
True
Is 12 a factor of 1778?
False
Does 51 divide 23621?
False
Does 40 divide 3978?
False
Does 11 divide 319?
True
Is 12555 a multiple of 15?
True
Is 2335 a multiple of 8?
False
Is 46 a factor of 2631?
False
Is 17 a factor of 2828?
False
Does 31 divide 30938?
True
Is 13 a factor of 181?
False
Is 428 a multiple of 82?
False
Does 9 divide 91?
False
Is 38 a factor of 1140?
True
Does 13 divide 1053?
True
Is 281 a multiple of 21?
False
Does 99 divide 40392?
True
Is 10 a factor of 5344?
False
Is 81 a factor of 29958?
False
Is 5 a factor of 300?
True
Is 72 a factor of 3816?
True
Is 7 a factor of 4303?
False
Is 5900 a multiple of 10?
True
Is 620 a multiple of 36?
False
Does 53 divide 986?
False
Is 6 a factor of 377?
False
Is 1029 a multiple of 89?
False
Is 98 a factor of 15557?
False
Does 35 divide 2697?
False
Is 1241 a multiple of 17?
True
Does 4 divide 56?
True
Does 12 divide 18026?
False
Does 8 divide 285?
False
Is 22 a factor of 40480?
True
Does 6 divide 4815?
False
Does 6 divide 3113?
False
Is 126 even?
True
Is 1521 a multiple of 16?
False
Is 3276 a multiple of 182?
True
Is 13 a factor of 3894?
False
Does 5 divide 4445?
True
Is 280 a multiple of 10?
True
Is 4 a factor of 2304?
True
Is 14 a factor of 531?
False
Is 18 a factor of 263?
False
Is 32 a factor of 43965?
False
Does 25 divide 975?
True
Is 1015 a multiple of 35?
True
Is 8531 a multiple of 125?
False
Is 85 a factor of 350?
False
Is 86 a multiple of 4?
False
Does 12 divide 55824?
True
Does 19 divide 23991?
False
Does 30 divide 44?
False
Is 1617 a multiple of 77?
True
Is 52644 a multiple of 126?
False
Does 11 divide 1617?
True
Is 13 a factor of 62?
False
Is 1289 a multiple of 63?
False
Is 101 a factor of 3030?
True
Is 2260 even?
True
Is 199 a multiple of 6?
False
Does 24 divide 54072?
True
Is 14 a factor of 512?
False
Do